04764?
2, 13, 17, 571
What are the prime factors of 457503?
3, 152501
What are the prime factors of 30151809?
3, 31, 67, 1613
What are the prime factors of 1576569?
3, 149, 3527
List the prime factors of 914632.
2, 114329
What are the prime factors of 4470832?
2, 23, 12149
What are the prime factors of 30911312?
2, 1931957
What are the prime factors of 3915452?
2, 978863
List the prime factors of 9439983.
3, 7, 16649
What are the prime factors of 6105968?
2, 11, 34693
What are the prime factors of 358396?
2, 89599
What are the prime factors of 21852550?
2, 5, 73, 5987
List the prime factors of 5272560.
2, 3, 5, 2441
List the prime factors of 20279840.
2, 5, 7, 19, 953
What are the prime factors of 341764?
2, 43, 1987
What are the prime factors of 9238442?
2, 73, 63277
What are the prime factors of 122455?
5, 19, 1289
List the prime factors of 379772.
2, 19, 263
What are the prime factors of 153074?
2, 76537
List the prime factors of 381248.
2, 7, 23, 37
List the prime factors of 6398597.
6398597
List the prime factors of 9746621.
167, 58363
What are the prime factors of 1878458?
2, 939229
What are the prime factors of 603739?
603739
What are the prime factors of 123733?
123733
List the prime factors of 31987595.
5, 23, 349, 797
List the prime factors of 20316.
2, 3, 1693
List the prime factors of 802621.
17, 31, 1523
List the prime factors of 5902773.
3, 59, 33349
List the prime factors of 262799.
109, 2411
List the prime factors of 535128.
2, 3, 11, 2027
List the prime factors of 334354.
2, 167177
What are the prime factors of 860690?
2, 5, 86069
What are the prime factors of 7366140?
2, 3, 5, 4547
What are the prime factors of 26026666?
2, 13013333
List the prime factors of 15695170.
2, 5, 1569517
List the prime factors of 634849.
31, 20479
List the prime factors of 1098896.
2, 173, 397
What are the prime factors of 1272925?
5, 59, 863
List the prime factors of 1323894.
2, 3, 11, 13, 1543
What are the prime factors of 421144?
2, 61, 863
What are the prime factors of 1387715?
5, 7, 31, 1279
What are the prime factors of 281937?
3, 93979
What are the prime factors of 8890972?
2, 23, 241, 401
List the prime factors of 55988.
2, 13997
List the prime factors of 227593.
227593
What are the prime factors of 17887309?
11, 89, 151
What are the prime factors of 934915?
5, 17, 647
What are the prime factors of 2085313?
211, 9883
What are the prime factors of 33506697?
3, 7, 1595557
What are the prime factors of 182528?
2, 23, 31
List the prime factors of 296931.
3, 29, 3413
List the prime factors of 159121.
41, 3881
List the prime factors of 2091586.
2, 7, 149399
What are the prime factors of 50140?
2, 5, 23, 109
List the prime factors of 1777079.
1777079
List the prime factors of 5230847.
31, 168737
What are the prime factors of 4447439?
4447439
What are the prime factors of 38910141?
3, 29, 43, 3467
What are the prime factors of 8984575?
5, 31, 11593
What are the prime factors of 627032?
2, 7, 11197
List the prime factors of 10161734.
2, 11, 139, 3323
List the prime factors of 2196396.
2, 3, 6779
What are the prime factors of 1333275?
3, 5, 29, 613
List the prime factors of 3827574.
2, 3, 23627
What are the prime factors of 3765679?
29, 89, 1459
What are the prime factors of 942804?
2, 3, 26189
What are the prime factors of 1013018?
2, 31, 16339
List the prime factors of 2310019.
2310019
What are the prime factors of 3502077?
3, 1167359
What are the prime factors of 17998299?
3, 11, 29, 6269
What are the prime factors of 402113?
151, 2663
What are the prime factors of 419591?
419591
List the prime factors of 602468.
2, 150617
List the prime factors of 2557650.
2, 3, 5, 17, 59
List the prime factors of 3441988.
2, 11, 137, 571
What are the prime factors of 123858?
2, 3, 7, 983
What are the prime factors of 2440378?
2, 709, 1721
List the prime factors of 889420.
2, 5, 7, 6353
List the prime factors of 1791286.
2, 7, 23, 5563
List the prime factors of 37687111.
7, 11, 263, 1861
What are the prime factors of 8684080?
2, 5, 73, 1487
List the prime factors of 15103219.
2861, 5279
What are the prime factors of 4160193?
3, 1386731
What are the prime factors of 1661823?
3, 61, 1009
List the prime factors of 938526.
2, 3, 156421
List the prime factors of 3067721.
19, 161459
List the prime factors of 954965.
5, 11, 97, 179
List the prime factors of 135923.
29, 43, 109
What are the prime factors of 5057586?
2, 3, 73, 1283
What are the prime factors of 1646479?
1646479
What are the prime factors of 333198?
2, 3, 107, 173
What are the prime factors of 507725?
5, 23, 883
List the prime factors of 245183.
245183
List the prime factors of 1545067.
1545067
What are the prime factors of 2204814?
2, 3, 367469
What are the prime factors of 33930697?
97, 349801
List the prime factors of 788508.
2, 3, 7, 149
List the prime factors of 99341.
11, 821
List the prime factors of 264927.
3, 13, 6793
List the prime factors of 826690.
2, 5, 19, 229
What are the prime factors of 26852?
2, 7, 137
What are the prime factors of 344544?
2, 3, 37, 97
What are the prime factors of 72407?
61, 1187
What are the prime factors of 142207?
13, 10939
List the prime factors of 157270.
2, 5, 15727
What are the prime factors of 971094?
2, 3, 29, 5581
What are the prime factors of 34561647?
3, 41, 3469
List the prime factors of 20273319.
3, 11, 204781
List the prime factors of 183889.
17, 29, 373
What are the prime factors of 225132?
2, 3, 73, 257
List the prime factors of 12674520.
2, 3, 5, 17, 19, 109
List the prime factors of 235783.
235783
List the prime factors of 5944128.
2, 3, 83, 373
List the prime factors of 313757.
211, 1487
What are the prime factors of 601387?
59, 10193
What are the prime factors of 993305?
5, 257, 773
List the prime factors of 1294393.
1294393
List the prime factors of 7835312.
2, 31, 15797
What are the prime factors of 12128568?
2, 3, 505357
What are the prime factors of 18799229?
17, 59, 18743
List the prime factors of 49674.
2, 3, 17, 487
What are the prime factors of 87450?
2, 3, 5, 11, 53
List the prime factors of 1938533.
1938533
What are the prime factors of 405982?
2, 41, 4951
List the prime factors of 92138.
2, 23, 2003
What are the prime factors of 4918480?
2, 5, 7, 8783
List the prime factors of 131686.
2, 65843
List the prime factors of 320220.
2, 3, 5, 593
List the prime factors of 573720.
2, 3, 5, 7, 683
List the prime factors of 283455.
3, 5, 6299
What are the prime factors of 548366?
2, 7, 13, 23, 131
What are the prime factors of 1190070?
2, 3, 5, 7, 1889
What are the prime factors of 7744477?
13, 191, 3119
What are the prime factors of 2159777?
1129, 1913
List the prime factors of 332003.
7, 43, 1103
What are the prime factors of 3301?
3301
What are the prime factors of 561920?
2, 5, 439
List the prime factors of 31893670.
2, 5, 853, 3739
What are the prime factors of 335960?
2, 5, 37, 227
List the prime factors of 1683491.
1683491
List the prime factors of 12558306.
2, 3, 47, 44533
List the prime factors of 208121.
208121
List the prime factors of 13773430.
2, 5, 11, 11383
What are the prime factors of 11419661?
11, 23, 45137
List the prime factors of 4482533.
11, 407503
What are the prime factors of 29279?
19, 23, 67
What are the prime factors of 202782?
2, 3, 33797
What are the prime factors of 20234208?
2, 3, 210773
List the prime factors of 8107505.
5, 7, 231643
What are the prime factors of 2610509?
11, 237319
What are the prime factors of 1434540?
2, 3, 5, 23909
List the prime factors of 12878692.
2, 179, 17987
What are the prime factors of 3063917?
3063917
What are the prime factors of 309211?
7, 163, 271
What are the prime factors of 8450602?
2, 4225301
What are the prime factors of 59564?
2, 14891
What are the prime factors of 615119?
29, 21211
List the prime factors of 4482291.
3, 11, 37, 3671
List the prime factors of 13294946.
2, 7, 19, 151, 331
What are the prime factors of 11756736?
2, 3, 20411
List the prime factors of 1535519.
151, 10169
What are the prime factors of 304715?
5, 60943
What are the prime factors of 363622?
2, 7, 19, 1367
What are the prime factors of 17648107?
23, 767309
List the prime factors of 5448.
2, 3, 227
What are the prime factors of 728395?
5, 145679
List the prime factors of 626780.
2, 5, 7, 11, 37
List t